{"id":1039,"date":"2020-06-08T17:34:51","date_gmt":"2020-06-08T15:34:51","guid":{"rendered":"http:\/\/peintre-emile-frandsen.com\/?page_id=1039"},"modified":"2021-07-23T12:26:01","modified_gmt":"2021-07-23T10:26:01","slug":"contact","status":"publish","type":"page","link":"https:\/\/peintre-emile-frandsen.com\/index.php\/contact\/","title":{"rendered":"contact"},"content":{"rendered":"<p>[vc_row css=&#8221;.vc_custom_1626692044448{margin-top: 150px !important;}&#8221;][vc_column][vc_single_image image=&#8221;2821&#8243; img_size=&#8221;full&#8221; alignment=&#8221;center&#8221;][vc_empty_space height=&#8221;64&#8243;][vc_column_text]<\/p>\n<p style=\"text-align: justify;\"><span style=\"color: #123754;\">\u00a0 \u00a0 \u00a0 \u00a0 \u00a0 \u00a0 \u00a0 \u00a0Depuis 2007, nous organisons et mettons \u00e0 disposition des galeries et des institutions la collection que nos poss\u00e9dons. Une premi\u00e8re exposition a eu lieu \u00e0 la Galerie Loumani de Valbonne.<\/span><\/p>\n<p>&nbsp;<\/p>\n<p style=\"text-align: justify;\"><span style=\"color: #123754;\">Le livre paru aux Editions Lelivredart en 2019 est disponible dans de nombreuses librairies.<\/span><\/p>\n<p>&nbsp;<\/p>\n<p style=\"text-align: justify;\"><span style=\"color: #123754;\"><strong>La prochaine exposition a lieu \u00e0 Biot du 16 juillet au 30 septembre 2021.<\/strong><\/span><\/p>\n<p>&nbsp;<\/p>\n<p style=\"text-align: justify;\"><span style=\"color: #123754;\"><em>En vue de la cr\u00e9ation du catalogue raisonn\u00e9, nous vous invitons \u00e0 nous contacter afin que nous puissions authentifier les toiles que vous poss\u00e9dez. Nous avons en projet de nouvelles expositions et si vous \u00eates propri\u00e9taires de toiles d\u2019Emile Frandsen, vous pouvez nous rejoindre et exposer votre collection.<\/em><\/span><\/p>\n<p>&nbsp;<\/p>\n<p style=\"text-align: justify;\"><span style=\"color: #123754;\">Notre adresse e-mail est <strong>frandsen-peintre@wanadoo.fr<\/strong> ou bien le formulaire ci-apr\u00e8s.<\/span><\/p>\n<p>&nbsp;<\/p>\n<p style=\"text-align: justify;\"><span style=\"color: #123754;\">Bien cordialement<\/span><\/p>\n<p>&nbsp;<\/p>\n<p style=\"text-align: justify;\"><span style=\"color: #123754;\">Les amis du peintre Frandsen<\/span><\/p>\n<p>[\/vc_column_text][vc_empty_space height=&#8221;65&#8243;][vc_column_text]<\/p>\n<p style=\"text-align: center;\"><span style=\"color: #ff0000;\"><strong>FORMULAIRE DE CONTACT<\/strong><\/span><\/p>\n<p>[\/vc_column_text][vc_empty_space height=&#8221;64&#8243;][vc_column_text]<div role=\"form\" class=\"wpcf7\" id=\"wpcf7-f2824-o1\" lang=\"fr-FR\" dir=\"ltr\">\n<div class=\"screen-reader-response\"><p role=\"status\" aria-live=\"polite\" aria-atomic=\"true\"><\/p> <ul><\/ul><\/div>\n<form action=\"\/index.php\/wp-json\/wp\/v2\/pages\/1039#wpcf7-f2824-o1\" method=\"post\" class=\"wpcf7-form init\" novalidate=\"novalidate\" data-status=\"init\">\n<div style=\"display: none;\">\n<input type=\"hidden\" name=\"_wpcf7\" value=\"2824\" \/>\n<input type=\"hidden\" name=\"_wpcf7_version\" value=\"5.4.2\" \/>\n<input type=\"hidden\" name=\"_wpcf7_locale\" value=\"fr_FR\" \/>\n<input type=\"hidden\" name=\"_wpcf7_unit_tag\" value=\"wpcf7-f2824-o1\" \/>\n<input type=\"hidden\" name=\"_wpcf7_container_post\" value=\"0\" \/>\n<input type=\"hidden\" name=\"_wpcf7_posted_data_hash\" value=\"\" \/>\n<\/div>\n<p><label> Votre nom<br \/>\n    <span class=\"wpcf7-form-control-wrap your-name\"><input type=\"text\" name=\"your-name\" value=\"\" size=\"40\" class=\"wpcf7-form-control wpcf7-text wpcf7-validates-as-required\" aria-required=\"true\" aria-invalid=\"false\" \/><\/span> <\/label><\/p>\n<p><label> Votre e-mail<br \/>\n    <span class=\"wpcf7-form-control-wrap your-email\"><input type=\"email\" name=\"your-email\" value=\"\" size=\"40\" class=\"wpcf7-form-control wpcf7-text wpcf7-email wpcf7-validates-as-required wpcf7-validates-as-email\" aria-required=\"true\" aria-invalid=\"false\" \/><\/span> <\/label><\/p>\n<p><label> Objet<br \/>\n    <span class=\"wpcf7-form-control-wrap your-subject\"><input type=\"text\" name=\"your-subject\" value=\"\" size=\"40\" class=\"wpcf7-form-control wpcf7-text wpcf7-validates-as-required\" aria-required=\"true\" aria-invalid=\"false\" \/><\/span> <\/label><\/p>\n<p><label> Votre message (facultatif)<br \/>\n    <span class=\"wpcf7-form-control-wrap your-message\"><textarea name=\"your-message\" cols=\"40\" rows=\"10\" class=\"wpcf7-form-control wpcf7-textarea\" aria-invalid=\"false\"><\/textarea><\/span> <\/label><\/p>\n<p><input type=\"submit\" value=\"Envoyer\" class=\"wpcf7-form-control wpcf7-submit\" \/><\/p>\n<div class=\"wpcf7-response-output\" aria-hidden=\"true\"><\/div><\/form><\/div>[\/vc_column_text][vc_empty_space height=&#8221;85&#8243;][\/vc_column][\/vc_row]<\/p>\n","protected":false},"excerpt":{"rendered":"<p>[vc_row css=&#8221;.vc_custom_1626692044448{margin-top: 150px !important;}&#8221;][vc_column][vc_single_image image=&#8221;2821&#8243; img_size=&#8221;full&#8221; alignment=&#8221;center&#8221;][vc_empty_space height=&#8221;64&#8243;][vc_column_text] \u00a0 \u00a0 \u00a0 \u00a0 \u00a0 \u00a0 \u00a0 \u00a0Depuis 2007, nous organisons et mettons \u00e0 disposition des galeries et des institutions la collection que nos poss\u00e9dons. Une premi\u00e8re exposition a eu lieu \u00e0 la Galerie Loumani de Valbonne. &nbsp; Le livre paru aux Editions Lelivredart en 2019 est &hellip;<\/p>\n<p class=\"read-more\"> <a class=\"\" href=\"https:\/\/peintre-emile-frandsen.com\/index.php\/contact\/\"> <span class=\"screen-reader-text\">contact<\/span> Lire la suite\u00a0\u00bb<\/a><\/p>\n","protected":false},"author":1,"featured_media":0,"parent":0,"menu_order":0,"comment_status":"closed","ping_status":"closed","template":"","meta":[],"_links":{"self":[{"href":"https:\/\/peintre-emile-frandsen.com\/index.php\/wp-json\/wp\/v2\/pages\/1039"}],"collection":[{"href":"https:\/\/peintre-emile-frandsen.com\/index.php\/wp-json\/wp\/v2\/pages"}],"about":[{"href":"https:\/\/peintre-emile-frandsen.com\/index.php\/wp-json\/wp\/v2\/types\/page"}],"author":[{"embeddable":true,"href":"https:\/\/peintre-emile-frandsen.com\/index.php\/wp-json\/wp\/v2\/users\/1"}],"replies":[{"embeddable":true,"href":"https:\/\/peintre-emile-frandsen.com\/index.php\/wp-json\/wp\/v2\/comments?post=1039"}],"version-history":[{"count":25,"href":"https:\/\/peintre-emile-frandsen.com\/index.php\/wp-json\/wp\/v2\/pages\/1039\/revisions"}],"predecessor-version":[{"id":2838,"href":"https:\/\/peintre-emile-frandsen.com\/index.php\/wp-json\/wp\/v2\/pages\/1039\/revisions\/2838"}],"wp:attachment":[{"href":"https:\/\/peintre-emile-frandsen.com\/index.php\/wp-json\/wp\/v2\/media?parent=1039"}],"curies":[{"name":"wp","href":"https:\/\/api.w.org\/{rel}","templated":true}]}}

<p>[vc_row css=&#8221;.vc_custom_1626692044448{margin-top: 150px !important;}&#8221;][vc_column][vc_single_image image=&#8221;2821&#8243; img_size=&#8221;full&#8221; alignment=&#8221;center&#8221;][vc_empty_space height=&#8221;64&#8243;][vc_column_text]</p>
<p style="text-align: justify;"><span style="color: #123754;">               Depuis 2007, nous organisons et mettons à disposition des galeries et des institutions la collection que nos possédons. Une première exposition a eu lieu à la Galerie Loumani de Valbonne.</span></p>
<p>&nbsp;</p>
<p style="text-align: justify;"><span style="color: #123754;">Le livre paru aux Editions Lelivredart en 2019 est disponible dans de nombreuses librairies.</span></p>
<p>&nbsp;</p>
<p style="text-align: justify;"><span style="color: #123754;"><strong>La prochaine exposition a lieu à Biot du 16 juillet au 30 septembre 2021.</strong></span></p>
<p>&nbsp;</p>
<p style="text-align: justify;"><span style="color: #123754;"><em>En vue de la création du catalogue raisonné, nous vous invitons à nous contacter afin que nous puissions authentifier les toiles que vous possédez. Nous avons en projet de nouvelles expositions et si vous êtes propriétaires de toiles d’Emile Frandsen, vous pouvez nous rejoindre et exposer votre collection.</em></span></p>
<p>&nbsp;</p>
<p style="text-align: justify;"><span style="color: #123754;">Notre adresse e-mail est <strong>frandsen-peintre@wanadoo.fr</strong> ou bien le formulaire ci-après.</span></p>
<p>&nbsp;</p>
<p style="text-align: justify;"><span style="color: #123754;">Bien cordialement</span></p>
<p>&nbsp;</p>
<p style="text-align: justify;"><span style="color: #123754;">Les amis du peintre Frandsen</span></p>
<p>[/vc_column_text][vc_empty_space height=&#8221;65&#8243;][vc_column_text]</p>
<p style="text-align: center;"><span style="color: #ff0000;"><strong>FORMULAIRE DE CONTACT</strong></span></p>
<p>[/vc_column_text][vc_empty_space height=&#8221;64&#8243;][vc_column_text]<div role="form" class="wpcf7" id="wpcf7-f2824-o1" lang="fr-FR" dir="ltr">
<div class="screen-reader-response"><p role="status" aria-live="polite" aria-atomic="true"></p> <ul></ul></div>
<form action="/index.php/wp-json/wp/v2/pages/1039#wpcf7-f2824-o1" method="post" class="wpcf7-form init" novalidate="novalidate" data-status="init">
<div style="display: none;">
<input type="hidden" name="_wpcf7" value="2824" />
<input type="hidden" name="_wpcf7_version" value="5.4.2" />
<input type="hidden" name="_wpcf7_locale" value="fr_FR" />
<input type="hidden" name="_wpcf7_unit_tag" value="wpcf7-f2824-o1" />
<input type="hidden" name="_wpcf7_container_post" value="0" />
<input type="hidden" name="_wpcf7_posted_data_hash" value="" />
</div>
<p><label> Votre nom<br />
    <span class="wpcf7-form-control-wrap your-name"><input type="text" name="your-name" value="" size="40" class="wpcf7-form-control wpcf7-text wpcf7-validates-as-required" aria-required="true" aria-invalid="false" /></span> </label></p>
<p><label> Votre e-mail<br />
    <span class="wpcf7-form-control-wrap your-email"><input type="email" name="your-email" value="" size="40" class="wpcf7-form-control wpcf7-text wpcf7-email wpcf7-validates-as-required wpcf7-validates-as-email" aria-required="true" aria-invalid="false" /></span> </label></p>
<p><label> Objet<br />
    <span class="wpcf7-form-control-wrap your-subject"><input type="text" name="your-subject" value="" size="40" class="wpcf7-form-control wpcf7-text wpcf7-validates-as-required" aria-required="true" aria-invalid="false" /></span> </label></p>
<p><label> Votre message (facultatif)<br />
    <span class="wpcf7-form-control-wrap your-message"><textarea name="your-message" cols="40" rows="10" class="wpcf7-form-control wpcf7-textarea" aria-invalid="false"></textarea></span> </label></p>
<p><input type="submit" value="Envoyer" class="wpcf7-form-control wpcf7-submit" /></p>
<div class="wpcf7-response-output" aria-hidden="true"></div></form></div>[/vc_column_text][vc_empty_space height=&#8221;85&#8243;][/vc_column][/vc_row]</p>

<p>[vc_row css=&#8221;.vc_custom_1626692044448{margin-top: 150px !important;}&#8221;][vc_column][vc_single_image image=&#8221;2821&#8243; img_size=&#8221;full&#8221; alignment=&#8221;center&#8221;][vc_empty_space height=&#8221;64&#8243;][vc_column_text]                Depuis 2007, nous organisons et mettons à disposition des galeries et des institutions la collection que nos possédons. Une première exposition a eu lieu à la Galerie Loumani de Valbonne. &nbsp; Le livre paru aux Editions Lelivredart en 2019 est &hellip;</p>
<p class="read-more"> <a class="" href="https://peintre-emile-frandsen.com/index.php/contact/"> <span class="screen-reader-text">contact</span> Lire la suite »</a></p>
